3
Let j(b) be the first derivative of b**3/3 + 3*b**2 + 5*b - 1. Let w be ((-4)/3)/(2 + 48/(-27)). Give j(w).
5
Let g be 2*-6*1/(-1). Let f be (2/(-3))/((-4)/g). Let v(a) = -5 + a**3 + 4*a**2 + f*a + 2*a**3 - 4*a**3. Calculate v(4).
3
Let r(y) be the second derivative of y**4/12 - 7*y**3/6 - 5*y**2 - 2*y. Give r(8).
-2
Let j(w) = w - 4. Suppose -2*l + 0 = 3*i + 10, 5*l + 25 = -5*i. Let b = i - -5. Determine j(b).
1
Let x = -5 + 4. Let d(r) = 7*r - 5. Let c(v) = -v - 1. Let t(y) = x*d(y) - 6*c(y). Suppose -5*l = 4*h + 12, -3*l + 6 = -2*h - 0. What is t(l)?
11
Let b(l) = -14*l**2 - l + 1. Let o(h) = 4 + 3 - 9 + 3*h. Let d be o(-8). Let m be d/(-30) - (-4)/30. Calculate b(m).
-14
Let s(a) be the third derivative of a**5/60 + 5*a**4/24 + 2*a**3/3 - a**2. Let l = 3 - -3. Suppose 10*p - l*p = -16. What is s(p)?
0
Suppose -4*d + 4 = 16. Let w be (-1 - d) + -8 + 7. Let g(s) = w + 2 - 2 + 4*s - 3*s. What is g(3)?
4
Let m(a) be the third derivative of 0 - 3/20*a**5 + 4*a**2 + 0*a + 0*a**4 + 1/6*a**3. Calculate m(1).
-8
Let g(x) = 2 + 0*x**2 - 14*x + 8*x + 5*x - x**2. Calculate g(3).
-10
Let k(a) = -15*a - 17. Let q(f) = 8*f + 9. Let x(u) = -6*k(u) - 11*q(u). Give x(-7).
-11
Let h(d) = -d**3 - 6*d**2 - 3*d - 9. Let p be 4 + ((-20)/(-4) - 4). Suppose -p*y - 8 = 22. What is h(y)?
9
Let a be (10*1/4)/(2/4). Let q be 7/4 - (-1)/4. Let w(s) = -a*s - q*s + s + 5*s. What is w(5)?
-5
Let b(r) = -2*r**3 + 3*r**2 - r. Suppose -70 = -3*p - 2*p. Let a be 4/p + 48/28. What is b(a)?
-6
Let n = -4 - -5. Let k be (0 + n)/((-5)/15). Let t(i) = -i + 1. Let c(m) = m - 2. Let u(b) = c(b) + 2*t(b). What is u(k)?
3
Let o be 6/5 + 4/(-20). Let r(k) = -3*k**3 + k**2 - 1. What is r(o)?
-3
Let p = -43 + 42. Let l(a) = -7*a**3 + 2*a + 1. Give l(p).
6
Suppose -3*u = -2*b - 2*u, 0 = 3*b + 3*u - 9. Let v(a) = 7*a - 1. Determine v(b).
6
Let f = 7 - 10. Let n(r) = -13*r + 1. Let s(g) = 3*g. Let q(j) = -2*n(j) - 9*s(j). What is q(f)?
1
Suppose -6 = -w - 3*d + 11, -2*d = w - 12. Let i be (1 - -2 - w)*1. Let o(v) be the first derivative of -5*v**2/2 - v - 1. Give o(i).
-6
Let l(m) = -3*m + 1 + m + 3*m. Suppose 0*p - 5*p + 15 = 0. Calculate l(p).
4
Let n(c) be the second derivative of -c**4/12 - c**3/2 + c**2 - 12*c. Suppose m + 6 = -m. Determine n(m).
2
Let k(z) be the first derivative of -z**3/3 - 7*z**2/2 - 7*z - 10. Determine k(-6).
-1
Let s(h) = -2 + 2*h + 634*h**3 + 1 - 630*h**3 + 4*h**2. What is s(-2)?
-21
Let f(x) = -5*x**2 + 2*x + 1. Let i(d) = 0 - 7 - 3 + d. Let l be (-2)/(-2) - 16/(-2). Let v be i(l). What is f(v)?
-6
Let y(z) = 5*z**2 - 9*z + 4. Let p(q) = -q**2 + 2*q - 1. Let k(s) = 9*p(s) + 2*y(s). Suppose 2*t = 5*t + 9*t. Give k(t).
-1
Let l = -3 - -7. Suppose l*d = 3*r - 49, -d = 5*r + 2*d - 72. Suppose -3*h + r = -0*h. Let m(k) = -2*k + 6. Determine m(h).
-4
Let z = 3 - 13. Let p(w) = w**3 + 9*w**2 - 9*w + 12. Let q be p(z). Let g(l) = -2*l**2 + 3*l + l**2 - q - 3 + 4. Calculate g(4).
-5
Let v(c) = 3*c**2 + 2*c - 3. Let q be v(-3). Suppose q = 3*m + 2*k + k, k + 9 = 2*m. Let d(t) = t + 6. What is d(m)?
11
Let z be 2*3/(-12)*-8. Suppose 0*x = w + 2*x, -4*w - z*x = -4. Let n(p) = -p**3 + 2*p**2 + 1. What is n(w)?
1
Let r(g) = 12*g - 2*g**2 - 8*g - g**3 + 0 + 1. What is r(-3)?
-2
Let p = -6 - -11. Let j(c) = 4*c**3 - 10*c**2 - 4 - 5*c - 5*c**2 - 3*c**3 + 11*c**2. Give j(p).
-4
Suppose 8 = -o - 3*n, -3*o + 4*n = o - 48. Let p(h) = -5 - 3*h + 4*h - 8. Calculate p(o).
-6
Suppose -8*s = -3*s + 2*y - 8, -12 = -3*s - 3*y. Let c(n) = -5*n + 6*n + s*n. Let k(m) = 12*m. Let l(i) = -22*c(i) + 2*k(i). Give l(-1).
-2
Suppose 0*w - 2*w + 10 = 0. Let n be 3/(-5) - (-43)/w. Suppose 23 = 3*k + n. Let q(l) = l**3 - 6*l**2 + 5*l - 7. Determine q(k).
-7
Let j be (5/(-7))/((-22)/154). Let r(t) be the first derivative of t**4/4 - 4*t**3/3 - 5*t**2/2 - 5*t + 1. Give r(j).
-5
Let k(d) be the first derivative of d**4/4 - 2*d**3 - d**2 + 8*d + 57. What is k(6)?
-4
Let f(a) = 0*a - 3 + 10 + a - 2*a. Give f(6).
1
Suppose -3*s + 3*j = -9, 5*s - 12 = 7*j - 3*j. Let q = 4 - s. Let o(z) = z**3 - 5*z**2 + 2*z + 3. Give o(q).
-5
Let y(x) = 2 + 7*x + 1 + 3*x + 7*x**2 - 4 - x**3. Give y(8).
15
Let f be 2/8 + 2/(-8). Let w(u) = -7*u**3 - 2*u**2 - 3*u - 25. Let q(k) = -4*k**3 - k**2 - 2*k - 13. Let a(i) = -5*q(i) + 3*w(i). Calculate a(f).
-10
Let y = 6 - 6. Let c(t) = 2*t - 2 + y + 2. Calculate c(5).
10
Let d(r) = -5*r. Let w(b) = b - 1. Let c(a) = d(a) + 6*w(a). Give c(0).
-6
Let u be 3 + 1 - -2*1. Suppose -3*k = -f + 16, f - 2*k = u*f + 5. Let m(r) = 4*r**2 + f - 3*r**2 - 4*r - r. Give m(4).
-3
Let h(y) be the third derivative of 0*y + 0*y**5 - 1/360*y**6 - 3*y**2 + 0 + 0*y**3 - 1/8*y**4. Let n(c) be the second derivative of h(c). Determine n(-1).
2
Let u(d) = 2*d**2 + 4*d + 2. Suppose -5*q - 4 = 6. Let o be u(q). Let c(r) = 1 + 4*r - 4 + 2*r**o - 3*r**2. Determine c(4).
-3
Suppose 2*a + 1 = -5*o, 7*o - 3*o = -2*a - 2. Let p = -1 + 3. Let h(s) = 4*s**2 + 4*s - 5*s + s**3 + 2*s - p. Give h(a).
4
Let r(q) = 4*q**2 - q + 4. Let c be ((-1 - -3)/8)/(3/60). Let f(v) = -6 + 2*v + 0*v + 0*v**2 - 6*v**2. Let m(z) = c*f(z) + 7*r(z). What is m(2)?
-4
Let t(i) = i. Let n(p) be the third derivative of -p**4/24 - 2*p**3/3 + 3*p**2. Let r(j) = n(j) + 2*t(j). Determine r(6).
2
Let c(o) be the third derivative of o**5/60 - 5*o**4/24 + o**3/3 + 2*o**2. Let b(s) = 2*s + 6. Let x be b(0). Give c(x).
8
Let n(s) = 3*s + 3. Suppose 0 = -4*z - 4*j - 16, j + 8 = -3*z - 2. What is n(z)?
-6
Suppose 2*v + 4*m = -0*m + 22, 0 = 3*v + 5*m - 29. Suppose 5*k - v*w - 15 - 21 = 0, -5*k - 3*w = -54. Let t(s) = 5*s + 5 - 6*s - k. Calculate t(0).
-4
Let k(s) = -s**2 + 6*s - 7. Let v(q) = -q + 5. Suppose -10 = -2*y, 3*n - 3*y + 11 = -4. Let f be v(n). What is k(f)?
-2
Let y(s) = -2*s**2 - 2*s. Let j(a) = 2*a - 39. Let p be j(18). What is y(p)?
-12
Let z(h) = -7*h**2 - 6*h - 6. Let a(t) = 6*t**2 + 5*t + 5. Let c(y) = -6*a(y) - 5*z(y). What is c(2)?
-4
Let p(l) = l**3 + 6*l**2 + 3*l - 2. Suppose -3*t - 5*d - 30 = 0, -t - 4*d - 27 = 2*t. Calculate p(t).
8
Let f = 11 + -3. Suppose 5*u - 12 = f. Let q(s) = -s**2 + 2*s + 2. Give q(u).
-6
Let o = 1 + 2. Let j(r) = 0*r - 4 + 5 + 1 + o*r - r**2. Suppose 0 = 3*m - 0*m - 9. Give j(m).
2
Let s(i) be the second derivative of -i**3/3 - 3*i**2 + 3*i. What is s(-5)?
4
Let t(l) = -l**2 + l + 1. Let q(a) = 11*a + 8 - 4*a - 3*a**2 + 2*a. Let n(i) = q(i) - 5*t(i). Let d = 101 - 103. Calculate n(d).
3
Let j(r) = 7*r**2 - r. Let y be -2*(-2)/(-4) - 1. Let x = 0 + y. Let n = -3 - x. Calculate j(n).
8
Let p(u) = -u**3 + 4*u - 2*u**2 + 4 + 3*u**2 + 3*u**2. Suppose 3*s + 11 = 26. Suppose 3*a - 10 = s. Determine p(a).
-1
Let d = -24 - -19. Let y(a) = a + 5. Let m(b) = b**2 - b - 6. Let l(u) = d*m(u) - 6*y(u). What is l(1)?
-6
Suppose n = -2*u - 0*n + 10, 4*n = 4*u - 8. Let p = 7 - u. Let k(y) = -3*y - 1. Determine k(p).
-10
Let u(w) = 3*w**2 + w + 26. Let d(b) = -b**2 - 9. Let x(a) = -17*d(a) - 6*u(a). Suppose -39*y = -48*y - 36. Determine x(y).
5
Let m = -1 + -4. Let o(i) = i**2 + 6*i - 3. Let x(l) = 1. Let t(d) = -o(d) - 2*x(d). Determine t(m).
6
Let g(o) = -2*o**2 - 2*o - 2. Let k be -2 + 0 - -1*2. Suppose k*m - m - 2 = 0. Determine g(m).
-6
Let w(h) = h - 9*h**2 + 9 + 13*h**2 - 10. Give w(1).
4
Suppose 8*n - 4*n - 2*s = 2, 20 = 5*n + s. Let h(y) = 6 - 5*y**3 + 10*y**2 + y + 6*y**n - 3*y**2. What is h(-7)?
-1
Let m(v) = -v**3 + 9*v**2 - 8*v - 7. Let n(q) = -2*q. Let z(t) = -m(t) + 2*n(t). What is z(8)?
-25
Let d(g) = -g**3 + 3*g - 2. Let y(u) = -u + 3. Suppose 4*k = 2*z, 0 = 3*k - 3*z + 3. Let v be y(k). Determine d(v).
-4
Suppose r = 6*r - 5. Let c = -6 - r. Let s = 4 + c. Let p(a) = a**2 + 7*a + 4. Give p(s).
-8
Let d be 4 - (-1 + 2 + -1). Let y = -14 + 17. Let n(k) = -2*k + d*k - 4*k + y*k. Give n(-2).
-2
Let l(j) = j + 4. Let o(h) = -h + 1. Let t(x) = -l(x) + 5*o(x). Give t(1).
-5
Let y = 104 + -97. Let q(l) = -l**2 + 6*l + 5. What is q(y)?
-2
Let c(j) = 5*j + 5*j**2 + 8 + j + j**3 - 2*j**3. Let l = 14 + -8. What is c(l)?
8
Suppose 0*a + 8 = 4*a - 4*n, n - 6 = -a. Let j(f) = 1 + f**3 + f + a + 0*f - f**2. Suppose 5*u - 4*u = 0. Calculate j(u).
5
Let m(g) = -4 + 2 - 2*g + 4 - 3. Let b be (2 + -1)/(1/(-5)). Give m(b).
9
Suppose 0 = -2*n - x + 9, 2*n - 4*x - x - 27 = 0. Suppose p + 2 = n. Let w(s) = 10 - 10 - s. Wha